[INFO] cloning repository https://github.com/ngasull/voice-reactions
[INFO] running `Command { std: "git" "-c" "credential.helper=" "-c" "credential.helper=/workspace/cargo-home/bin/git-credential-null" "clone" "--bare" "https://github.com/ngasull/voice-reactions" "/workspace/cache/git-repos/https%3A%2F%2Fgithub.com%2Fngasull%2Fvoice-reactions", kill_on_drop: false }`
[INFO] [stderr] Cloning into bare repository '/workspace/cache/git-repos/https%3A%2F%2Fgithub.com%2Fngasull%2Fvoice-reactions'...
[INFO] running `Command { std: "git" "rev-parse" "HEAD", kill_on_drop: false }`
[INFO] [stdout] 03c36341e0a3846882570f10d1fd4fc75daf2e36
[INFO] building ngasull/voice-reactions against master#ff34b919075f35a1787659e9c448a34b06bab8de for issue-85264
[INFO] running `Command { std: "git" "clone" "/workspace/cache/git-repos/https%3A%2F%2Fgithub.com%2Fngasull%2Fvoice-reactions" "/workspace/builds/worker-6/source", kill_on_drop: false }`
[INFO] [stderr] Cloning into '/workspace/builds/worker-6/source'...
[INFO] [stderr] done.
[INFO] validating manifest of git repo https://github.com/ngasull/voice-reactions on toolchain ff34b919075f35a1787659e9c448a34b06bab8de
[INFO] running `Command { std: "/workspace/cargo-home/bin/cargo" "+ff34b919075f35a1787659e9c448a34b06bab8de" "metadata" "--manifest-path" "Cargo.toml" "--no-deps", kill_on_drop: false }`
[INFO] started tweaking git repo https://github.com/ngasull/voice-reactions
[INFO] finished tweaking git repo https://github.com/ngasull/voice-reactions
[INFO] tweaked toml for git repo https://github.com/ngasull/voice-reactions written to /workspace/builds/worker-6/source/Cargo.toml
[INFO] crate git repo https://github.com/ngasull/voice-reactions already has a lockfile, it will not be regenerated
[INFO] running `Command { std: "/workspace/cargo-home/bin/cargo" "+ff34b919075f35a1787659e9c448a34b06bab8de" "fetch" "--manifest-path" "Cargo.toml", kill_on_drop: false }`
[INFO] [stderr]     Blocking waiting for file lock on package cache
[INFO] running `Command { std: "docker" "create" "-v" "/var/lib/crater-agent-workspace/builds/worker-6/target:/opt/rustwide/target:rw,Z" "-v" "/var/lib/crater-agent-workspace/builds/worker-6/source:/opt/rustwide/workdir:ro,Z" "-v" "/var/lib/crater-agent-workspace/cargo-home:/opt/rustwide/cargo-home:ro,Z" "-v" "/var/lib/crater-agent-workspace/rustup-home:/opt/rustwide/rustup-home:ro,Z" "-e" "SOURCE_DIR=/opt/rustwide/workdir" "-e" "CARGO_TARGET_DIR=/opt/rustwide/target" "-e" "CARGO_HOME=/opt/rustwide/cargo-home" "-e" "RUSTUP_HOME=/opt/rustwide/rustup-home" "-w" "/opt/rustwide/workdir" "-m" "1610612736" "--user" "0:0" "--network" "none" "ghcr.io/rust-lang/crates-build-env/linux@sha256:20528e8c29e4536546f0102ce88568b16ea7538393a33fcca951030f7af10457" "/opt/rustwide/cargo-home/bin/cargo" "+ff34b919075f35a1787659e9c448a34b06bab8de" "metadata" "--no-deps" "--format-version=1", kill_on_drop: false }`
[INFO] [stderr] WARNING: Your kernel does not support swap limit capabilities or the cgroup is not mounted. Memory limited without swap.
[INFO] [stdout] c8c4c942566bb847b567d42a5e6b587b145ed2283ec09d9c6b6c19031c73acbb
[INFO] running `Command { std: "docker" "start" "-a" "c8c4c942566bb847b567d42a5e6b587b145ed2283ec09d9c6b6c19031c73acbb", kill_on_drop: false }`
[INFO] running `Command { std: "docker" "inspect" "c8c4c942566bb847b567d42a5e6b587b145ed2283ec09d9c6b6c19031c73acbb", kill_on_drop: false }`
[INFO] running `Command { std: "docker" "rm" "-f" "c8c4c942566bb847b567d42a5e6b587b145ed2283ec09d9c6b6c19031c73acbb", kill_on_drop: false }`
[INFO] [stdout] c8c4c942566bb847b567d42a5e6b587b145ed2283ec09d9c6b6c19031c73acbb
[INFO] running `Command { std: "docker" "create" "-v" "/var/lib/crater-agent-workspace/builds/worker-6/target:/opt/rustwide/target:rw,Z" "-v" "/var/lib/crater-agent-workspace/builds/worker-6/source:/opt/rustwide/workdir:ro,Z" "-v" "/var/lib/crater-agent-workspace/cargo-home:/opt/rustwide/cargo-home:ro,Z" "-v" "/var/lib/crater-agent-workspace/rustup-home:/opt/rustwide/rustup-home:ro,Z" "-e" "SOURCE_DIR=/opt/rustwide/workdir" "-e" "CARGO_TARGET_DIR=/opt/rustwide/target" "-e" "CARGO_INCREMENTAL=0" "-e" "RUST_BACKTRACE=full" "-e" "RUSTFLAGS=--cap-lints=forbid" "-e" "CARGO_HOME=/opt/rustwide/cargo-home" "-e" "RUSTUP_HOME=/opt/rustwide/rustup-home" "-w" "/opt/rustwide/workdir" "-m" "1610612736" "--user" "0:0" "--network" "none" "ghcr.io/rust-lang/crates-build-env/linux@sha256:20528e8c29e4536546f0102ce88568b16ea7538393a33fcca951030f7af10457" "/opt/rustwide/cargo-home/bin/cargo" "+ff34b919075f35a1787659e9c448a34b06bab8de" "build" "--frozen" "--message-format=json", kill_on_drop: false }`
[INFO] [stdout] 8ac4edb6f54d160757c71fb089350e1382fd3b13354625c25f9a247f521428e9
[INFO] [stderr] WARNING: Your kernel does not support swap limit capabilities or the cgroup is not mounted. Memory limited without swap.
[INFO] running `Command { std: "docker" "start" "-a" "8ac4edb6f54d160757c71fb089350e1382fd3b13354625c25f9a247f521428e9", kill_on_drop: false }`
[INFO] [stderr]     Blocking waiting for file lock on package cache
[INFO] [stderr]    Compiling anyhow v1.0.26
[INFO] [stderr]    Compiling voice-reactions v0.1.0 (/opt/rustwide/workdir)
[INFO] [stderr]    Compiling num_cpus v0.2.13
[INFO] [stderr]    Compiling rand_os v0.1.3
[INFO] [stderr]    Compiling sdl2-sys v0.32.6
[INFO] [stderr]    Compiling num v0.1.42
[INFO] [stderr]    Compiling ffmpeg-sys v2.8.9
[INFO] [stderr]    Compiling rand v0.6.5
[INFO] [stderr]    Compiling sdl2 v0.32.2
[INFO] [stderr]    Compiling ffmpeg v0.2.0-alpha.1
[INFO] [stdout] error[E0425]: cannot find value `AV_PIX_FMT_XVMC_MPEG2_MC` in this scope
[INFO] [stdout]    --> /opt/rustwide/cargo-home/registry/src/github.com-1ecc6299db9ec823/ffmpeg-0.2.0-alpha.1/src/util/format/pixel.rs:509:30
[INFO] [stdout]     |
[INFO] [stdout] 509 |             Pixel::XVMC_MPEG2_MC   => AV_PIX_FMT_XVMC_MPEG2_MC,
[INFO] [stdout]     |                                       ^^^^^^^^^^^^^^^^^^^^^^^^ not found in this scope
[INFO] [stdout] 
[INFO] [stdout] 
[INFO] [stdout] error[E0425]: cannot find value `AV_PIX_FMT_XVMC_MPEG2_IDCT` in this scope
[INFO] [stdout]    --> /opt/rustwide/cargo-home/registry/src/github.com-1ecc6299db9ec823/ffmpeg-0.2.0-alpha.1/src/util/format/pixel.rs:510:30
[INFO] [stdout]     |
[INFO] [stdout] 510 |             Pixel::XVMC_MPEG2_IDCT => AV_PIX_FMT_XVMC_MPEG2_IDCT,
[INFO] [stdout]     |                                       ^^^^^^^^^^^^^^^^^^^^^^^^^^ help: a unit variant with a similar name exists: `AV_PIX_FMT_VAAPI_IDCT`
[INFO] [stdout]     | 
[INFO] [stdout]    ::: /opt/rustwide/cargo-home/registry/src/github.com-1ecc6299db9ec823/ffmpeg-sys-2.8.9/src/avutil/pixfmt.rs:76:5
[INFO] [stdout]     |
[INFO] [stdout] 76  |     AV_PIX_FMT_VAAPI_IDCT,
[INFO] [stdout]     |     --------------------- similarly named unit variant `AV_PIX_FMT_VAAPI_IDCT` defined here
[INFO] [stdout] 
[INFO] [stdout] 
[INFO] [stdout] error[E0425]: cannot find value `AV_PIX_FMT_VDPAU_H264` in this scope
[INFO] [stdout]    --> /opt/rustwide/cargo-home/registry/src/github.com-1ecc6299db9ec823/ffmpeg-0.2.0-alpha.1/src/util/format/pixel.rs:532:26
[INFO] [stdout]     |
[INFO] [stdout] 532 |             Pixel::VDPAU_H264  => AV_PIX_FMT_VDPAU_H264,
[INFO] [stdout]     |                                   ^^^^^^^^^^^^^^^^^^^^^ help: a unit variant with a similar name exists: `AV_PIX_FMT_VDPAU`
[INFO] [stdout]     | 
[INFO] [stdout]    ::: /opt/rustwide/cargo-home/registry/src/github.com-1ecc6299db9ec823/ffmpeg-sys-2.8.9/src/avutil/pixfmt.rs:146:5
[INFO] [stdout]     |
[INFO] [stdout] 146 |     AV_PIX_FMT_VDPAU,
[INFO] [stdout]     |     ---------------- similarly named unit variant `AV_PIX_FMT_VDPAU` defined here
[INFO] [stdout] 
[INFO] [stdout] 
[INFO] [stdout] error[E0425]: cannot find value `AV_PIX_FMT_VDPAU_MPEG1` in this scope
[INFO] [stdout]    --> /opt/rustwide/cargo-home/registry/src/github.com-1ecc6299db9ec823/ffmpeg-0.2.0-alpha.1/src/util/format/pixel.rs:533:26
[INFO] [stdout]     |
[INFO] [stdout] 533 |             Pixel::VDPAU_MPEG1 => AV_PIX_FMT_VDPAU_MPEG1,
[INFO] [stdout]     |                                   ^^^^^^^^^^^^^^^^^^^^^^ help: a unit variant with a similar name exists: `AV_PIX_FMT_VDPAU`
[INFO] [stdout]     | 
[INFO] [stdout]    ::: /opt/rustwide/cargo-home/registry/src/github.com-1ecc6299db9ec823/ffmpeg-sys-2.8.9/src/avutil/pixfmt.rs:146:5
[INFO] [stdout]     |
[INFO] [stdout] 146 |     AV_PIX_FMT_VDPAU,
[INFO] [stdout]     |     ---------------- similarly named unit variant `AV_PIX_FMT_VDPAU` defined here
[INFO] [stdout] 
[INFO] [stdout] 
[INFO] [stdout] error[E0425]: cannot find value `AV_PIX_FMT_VDPAU_MPEG2` in this scope
[INFO] [stdout]    --> /opt/rustwide/cargo-home/registry/src/github.com-1ecc6299db9ec823/ffmpeg-0.2.0-alpha.1/src/util/format/pixel.rs:534:26
[INFO] [stdout]     |
[INFO] [stdout] 534 |             Pixel::VDPAU_MPEG2 => AV_PIX_FMT_VDPAU_MPEG2,
[INFO] [stdout]     |                                   ^^^^^^^^^^^^^^^^^^^^^^ help: a unit variant with a similar name exists: `AV_PIX_FMT_VDPAU`
[INFO] [stdout]     | 
[INFO] [stdout]    ::: /opt/rustwide/cargo-home/registry/src/github.com-1ecc6299db9ec823/ffmpeg-sys-2.8.9/src/avutil/pixfmt.rs:146:5
[INFO] [stdout]     |
[INFO] [stdout] 146 |     AV_PIX_FMT_VDPAU,
[INFO] [stdout]     |     ---------------- similarly named unit variant `AV_PIX_FMT_VDPAU` defined here
[INFO] [stdout] 
[INFO] [stdout] 
[INFO] [stdout] error[E0425]: cannot find value `AV_PIX_FMT_VDPAU_WMV3` in this scope
[INFO] [stdout]    --> /opt/rustwide/cargo-home/registry/src/github.com-1ecc6299db9ec823/ffmpeg-0.2.0-alpha.1/src/util/format/pixel.rs:535:26
[INFO] [stdout]     |
[INFO] [stdout] 535 |             Pixel::VDPAU_WMV3  => AV_PIX_FMT_VDPAU_WMV3,
[INFO] [stdout]     |                                   ^^^^^^^^^^^^^^^^^^^^^ help: a unit variant with a similar name exists: `AV_PIX_FMT_VDPAU`
[INFO] [stdout]     | 
[INFO] [stdout]    ::: /opt/rustwide/cargo-home/registry/src/github.com-1ecc6299db9ec823/ffmpeg-sys-2.8.9/src/avutil/pixfmt.rs:146:5
[INFO] [stdout]     |
[INFO] [stdout] 146 |     AV_PIX_FMT_VDPAU,
[INFO] [stdout]     |     ---------------- similarly named unit variant `AV_PIX_FMT_VDPAU` defined here
[INFO] [stdout] 
[INFO] [stdout] 
[INFO] [stdout] error[E0425]: cannot find value `AV_PIX_FMT_VDPAU_VC1` in this scope
[INFO] [stdout]    --> /opt/rustwide/cargo-home/registry/src/github.com-1ecc6299db9ec823/ffmpeg-0.2.0-alpha.1/src/util/format/pixel.rs:536:26
[INFO] [stdout]     |
[INFO] [stdout] 536 |             Pixel::VDPAU_VC1   => AV_PIX_FMT_VDPAU_VC1,
[INFO] [stdout]     |                                   ^^^^^^^^^^^^^^^^^^^^ help: a unit variant with a similar name exists: `AV_PIX_FMT_VDA_VLD`
[INFO] [stdout]     | 
[INFO] [stdout]    ::: /opt/rustwide/cargo-home/registry/src/github.com-1ecc6299db9ec823/ffmpeg-sys-2.8.9/src/avutil/pixfmt.rs:114:5
[INFO] [stdout]     |
[INFO] [stdout] 114 |     AV_PIX_FMT_VDA_VLD,
[INFO] [stdout]     |     ------------------ similarly named unit variant `AV_PIX_FMT_VDA_VLD` defined here
[INFO] [stdout] 
[INFO] [stdout] 
[INFO] [stdout] error[E0425]: cannot find value `AV_PIX_FMT_VDPAU_MPEG4` in this scope
[INFO] [stdout]    --> /opt/rustwide/cargo-home/registry/src/github.com-1ecc6299db9ec823/ffmpeg-0.2.0-alpha.1/src/util/format/pixel.rs:561:26
[INFO] [stdout]     |
[INFO] [stdout] 561 |             Pixel::VDPAU_MPEG4 => AV_PIX_FMT_VDPAU_MPEG4,
[INFO] [stdout]     |                                   ^^^^^^^^^^^^^^^^^^^^^^ help: a unit variant with a similar name exists: `AV_PIX_FMT_VDPAU`
[INFO] [stdout]     | 
[INFO] [stdout]    ::: /opt/rustwide/cargo-home/registry/src/github.com-1ecc6299db9ec823/ffmpeg-sys-2.8.9/src/avutil/pixfmt.rs:146:5
[INFO] [stdout]     |
[INFO] [stdout] 146 |     AV_PIX_FMT_VDPAU,
[INFO] [stdout]     |     ---------------- similarly named unit variant `AV_PIX_FMT_VDPAU` defined here
[INFO] [stdout] 
[INFO] [stdout] 
[INFO] [stdout] error[E0425]: cannot find value `AV_PIX_FMT_XVMC` in this scope
[INFO] [stdout]    --> /opt/rustwide/cargo-home/registry/src/github.com-1ecc6299db9ec823/ffmpeg-0.2.0-alpha.1/src/util/format/pixel.rs:696:21
[INFO] [stdout]     |
[INFO] [stdout] 696 |             Pixel::XVMC   => AV_PIX_FMT_XVMC,
[INFO] [stdout]     |                              ^^^^^^^^^^^^^^^ help: a unit variant with a similar name exists: `AV_PIX_FMT_NV12`
[INFO] [stdout]     | 
[INFO] [stdout]    ::: /opt/rustwide/cargo-home/registry/src/github.com-1ecc6299db9ec823/ffmpeg-sys-2.8.9/src/avutil/pixfmt.rs:37:5
[INFO] [stdout]     |
[INFO] [stdout] 37  |     AV_PIX_FMT_NV12,
[INFO] [stdout]     |     --------------- similarly named unit variant `AV_PIX_FMT_NV12` defined here
[INFO] [stdout] 
[INFO] [stdout] 
[INFO] [stdout] error[E0425]: cannot find value `AV_CODEC_ID_MPEG2VIDEO_XVMC` in this scope
[INFO] [stdout]    --> /opt/rustwide/cargo-home/registry/src/github.com-1ecc6299db9ec823/ffmpeg-0.2.0-alpha.1/src/codec/id.rs:919:34
[INFO] [stdout]     |
[INFO] [stdout] 919 |             Id::MPEG2VIDEO_XVMC        => AV_CODEC_ID_MPEG2VIDEO_XVMC,
[INFO] [stdout]     |                                           ^^^^^^^^^^^^^^^^^^^^^^^^^^^ help: a unit variant with a similar name exists: `AV_CODEC_ID_MPEG2VIDEO`
[INFO] [stdout]     | 
[INFO] [stdout]    ::: /opt/rustwide/cargo-home/registry/src/github.com-1ecc6299db9ec823/ffmpeg-sys-2.8.9/src/avcodec/codec.rs:11:5
[INFO] [stdout]     |
[INFO] [stdout] 11  |     AV_CODEC_ID_MPEG2VIDEO,
[INFO] [stdout]     |     ---------------------- similarly named unit variant `AV_CODEC_ID_MPEG2VIDEO` defined here
[INFO] [stdout] 
[INFO] [stdout] 
[INFO] [stdout] error[E0425]: cannot find value `AV_CODEC_ID_VOXWARE` in this scope
[INFO] [stdout]     --> /opt/rustwide/cargo-home/registry/src/github.com-1ecc6299db9ec823/ffmpeg-0.2.0-alpha.1/src/codec/id.rs:1261:32
[INFO] [stdout]      |
[INFO] [stdout] 1261 |             Id::VOXWARE              => AV_CODEC_ID_VOXWARE,
[INFO] [stdout]      |                                         ^^^^^^^^^^^^^^^^^^^ help: a unit variant with a similar name exists: `AV_CODEC_ID_XFACE`
[INFO] [stdout]      | 
[INFO] [stdout]     ::: /opt/rustwide/cargo-home/registry/src/github.com-1ecc6299db9ec823/ffmpeg-sys-2.8.9/src/avcodec/codec.rs:220:5
[INFO] [stdout]      |
[INFO] [stdout] 220  |     AV_CODEC_ID_XFACE       = MKBETAG!(b'X', b'F', b'A', b'C'),
[INFO] [stdout]      |     ---------------------------------------------------------- similarly named unit variant `AV_CODEC_ID_XFACE` defined here
[INFO] [stdout] 
[INFO] [stdout] 
[INFO] [stdout] error[E0609]: no field `me_method` on type `sys::AVCodecContext`
[INFO] [stdout]    --> /opt/rustwide/cargo-home/registry/src/github.com-1ecc6299db9ec823/ffmpeg-0.2.0-alpha.1/src/codec/encoder/video.rs:127:25
[INFO] [stdout]     |
[INFO] [stdout] 127 |             (*self.as_mut_ptr()).me_method = value.into();
[INFO] [stdout]     |                                  ^^^^^^^^^ unknown field
[INFO] [stdout]     |
[INFO] [stdout]     = note: available fields are: `av_class`, `log_level_offset`, `codec_type`, `codec`, `codec_name` ... and 176 others
[INFO] [stdout] 
[INFO] [stdout] 
[INFO] [stdout] error[E0609]: no field `intra_quant_bias` on type `sys::AVCodecContext`
[INFO] [stdout]    --> /opt/rustwide/cargo-home/registry/src/github.com-1ecc6299db9ec823/ffmpeg-0.2.0-alpha.1/src/codec/encoder/video.rs:296:26
[INFO] [stdout]     |
[INFO] [stdout] 296 |                 (*self.as_mut_ptr()).intra_quant_bias = value as c_int;
[INFO] [stdout]     |                                      ^^^^^^^^^^^^^^^^ unknown field
[INFO] [stdout]     |
[INFO] [stdout]     = note: available fields are: `av_class`, `log_level_offset`, `codec_type`, `codec`, `codec_name` ... and 176 others
[INFO] [stdout] 
[INFO] [stdout] 
[INFO] [stdout] error[E0609]: no field `intra_quant_bias` on type `sys::AVCodecContext`
[INFO] [stdout]    --> /opt/rustwide/cargo-home/registry/src/github.com-1ecc6299db9ec823/ffmpeg-0.2.0-alpha.1/src/codec/encoder/video.rs:299:26
[INFO] [stdout]     |
[INFO] [stdout] 299 |                 (*self.as_mut_ptr()).intra_quant_bias = FF_DEFAULT_QUANT_BIAS;
[INFO] [stdout]     |                                      ^^^^^^^^^^^^^^^^ unknown field
[INFO] [stdout]     |
[INFO] [stdout]     = note: available fields are: `av_class`, `log_level_offset`, `codec_type`, `codec`, `codec_name` ... and 176 others
[INFO] [stdout] 
[INFO] [stdout] 
[INFO] [stdout] error[E0609]: no field `inter_quant_bias` on type `sys::AVCodecContext`
[INFO] [stdout]    --> /opt/rustwide/cargo-home/registry/src/github.com-1ecc6299db9ec823/ffmpeg-0.2.0-alpha.1/src/codec/encoder/video.rs:308:26
[INFO] [stdout]     |
[INFO] [stdout] 308 |                 (*self.as_mut_ptr()).inter_quant_bias = value as c_int;
[INFO] [stdout]     |                                      ^^^^^^^^^^^^^^^^ unknown field
[INFO] [stdout]     |
[INFO] [stdout]     = note: available fields are: `av_class`, `log_level_offset`, `codec_type`, `codec`, `codec_name` ... and 176 others
[INFO] [stdout] 
[INFO] [stdout] 
[INFO] [stdout] error[E0609]: no field `inter_quant_bias` on type `sys::AVCodecContext`
[INFO] [stdout]    --> /opt/rustwide/cargo-home/registry/src/github.com-1ecc6299db9ec823/ffmpeg-0.2.0-alpha.1/src/codec/encoder/video.rs:311:26
[INFO] [stdout]     |
[INFO] [stdout] 311 |                 (*self.as_mut_ptr()).inter_quant_bias = FF_DEFAULT_QUANT_BIAS;
[INFO] [stdout]     |                                      ^^^^^^^^^^^^^^^^ unknown field
[INFO] [stdout]     |
[INFO] [stdout]     = note: available fields are: `av_class`, `log_level_offset`, `codec_type`, `codec`, `codec_name` ... and 176 others
[INFO] [stdout] 
[INFO] [stdout] 
[INFO] [stdout] error: aborting due to 16 previous errors
[INFO] [stdout] 
[INFO] [stdout] 
[INFO] [stdout] Some errors have detailed explanations: E0425, E0609.
[INFO] [stdout] 
[INFO] [stdout] For more information about an error, try `rustc --explain E0425`.
[INFO] [stdout] 
[INFO] [stderr] error: could not compile `ffmpeg`
[INFO] [stderr] 
[INFO] [stderr] To learn more, run the command again with --verbose.
[INFO] [stderr] warning: build failed, waiting for other jobs to finish...
[INFO] [stderr] error: build failed
[INFO] running `Command { std: "docker" "inspect" "8ac4edb6f54d160757c71fb089350e1382fd3b13354625c25f9a247f521428e9", kill_on_drop: false }`
[INFO] running `Command { std: "docker" "rm" "-f" "8ac4edb6f54d160757c71fb089350e1382fd3b13354625c25f9a247f521428e9", kill_on_drop: false }`
[INFO] [stdout] 8ac4edb6f54d160757c71fb089350e1382fd3b13354625c25f9a247f521428e9
